, 13, 294991
List the prime factors of 75742345.
5, 7, 29, 74623
List the prime factors of 31280420.
2, 5, 181, 8641
List the prime factors of 4299943648.
2, 7, 11, 13, 127, 151
List the prime factors of 313460411.
11, 37, 43, 17911
What are the prime factors of 622587613?
97, 6418429
What are the prime factors of 560223247?
29, 67, 373, 773
List the prime factors of 4378002416.
2, 4139, 66109
What are the prime factors of 3425788?
2, 89, 9623
What are the prime factors of 69894554?
2, 37, 944521
What are the prime factors of 383692005?
3, 5, 257, 11059
What are the prime factors of 166809675?
3, 5, 487, 4567
List the prime factors of 841050328.
2, 10139, 10369
What are the prime factors of 1459808819?
7, 17, 229, 53569
What are the prime factors of 5218822474?
2, 2609411237
What are the prime factors of 637791313?
3571, 178603
List the prime factors of 724555429.
13, 5717, 9749
List the prime factors of 62213893.
7, 8887699
What are the prime factors of 523930235?
5, 104786047
What are the prime factors of 53498975?
5, 2139959
List the prime factors of 2136798122.
2, 1068399061
What are the prime factors of 147700186?
2, 19, 3886847
What are the prime factors of 5586164821?
5586164821
List the prime factors of 930063380.
2, 5, 2393, 19433
What are the prime factors of 6493766598?
2, 3, 11, 191, 19079
What are the prime factors of 37335629?
2029, 18401
List the prime factors of 888704764.
2, 47, 107, 44179
List the prime factors of 49563289.
173, 286493
What are the prime factors of 321481293?
3, 7, 15308633
List the prime factors of 822872469.
3, 59, 4648997
What are the prime factors of 728894121?
3, 311, 569, 1373
What are the prime factors of 966577859?
13, 29, 2563867
List the prime factors of 58920699.
3, 71, 276623
What are the prime factors of 2583666350?
2, 5, 51673327
What are the prime factors of 1143055411?
2029, 563359
List the prime factors of 77099423.
77099423
List the prime factors of 506015837.
5813, 87049
List the prime factors of 4328738804.
2, 13, 181, 619, 743
What are the prime factors of 75311751?
3, 17, 1476701
List the prime factors of 2112791184.
2, 3, 7, 19, 107, 1031
What are the prime factors of 227213181?
3, 13, 47, 4591
List the prime factors of 108814830.
2, 3, 5, 53, 68437
What are the prime factors of 567051862?
2, 13, 37, 589451
What are the prime factors of 105402334?
2, 97, 543311
What are the prime factors of 696495856?
2, 7, 6218713
What are the prime factors of 1117811803?
193, 5791771
List the prime factors of 622701308.
2, 47, 1367, 2423
List the prime factors of 2549096793.
3, 89, 3182393
List the prime factors of 751547757.
3, 250515919
List the prime factors of 1538006692.
2, 2801, 137273
List the prime factors of 59282488.
2, 727, 10193
List the prime factors of 4824715566.
2, 3, 11, 17, 23, 31, 37, 163
List the prime factors of 4474192819.
29, 199, 491, 1579
List the prime factors of 432928930.
2, 5, 7, 89, 69491
List the prime factors of 3744248698.
2, 1872124349
What are the prime factors of 58420111?
58420111
What are the prime factors of 718228945?
5, 7, 61, 67, 5021
What are the prime factors of 708917703?
3, 13, 31, 586367
What are the prime factors of 23251626?
2, 3, 281, 4597
List the prime factors of 171476491.
11251, 15241
List the prime factors of 17850297.
3, 983, 6053
List the prime factors of 120115697.
13, 773, 11953
What are the prime factors of 695630612?
2, 4127, 42139
What are the prime factors of 239980918?
2, 613, 195743
List the prime factors of 1372202980.
2, 5, 193, 433, 821
List the prime factors of 189283715.
5, 3943, 9601
List the prime factors of 3045077303.
1039, 2930777
What are the prime factors of 282511119?
3, 11, 127, 67409
List the prime factors of 1800329111.
7, 257189873
List the prime factors of 239014407.
3, 17, 4686557
List the prime factors of 205556894.
2, 17, 79, 103, 743
List the prime factors of 311498680.
2, 5, 199, 39133
List the prime factors of 2249723266.
2, 7, 160694519
What are the prime factors of 2241975519?
3, 7, 3163, 11251
List the prime factors of 93630477.
3, 919, 33961
What are the prime factors of 76160730?
2, 3, 5, 2538691
List the prime factors of 121503967.
13, 37, 252607
What are the prime factors of 59098442?
2, 13, 2273017
List the prime factors of 38650505.
5, 7730101
What are the prime factors of 61418579?
23, 2670373
List the prime factors of 398702842.
2, 31, 149, 43159
List the prime factors of 581220785.
5, 116244157
What are the prime factors of 713857939?
29, 367, 67073
What are the prime factors of 34748005?
5, 2389, 2909
What are the prime factors of 135963453?
3, 3037, 14923
What are the prime factors of 44545455?
3, 5, 163, 6073
List the prime factors of 44443159.
44443159
List the prime factors of 6167150309.
4013, 1536793
List the prime factors of 533930121.
3, 59325569
What are the prime factors of 6737141557?
31, 217327147
List the prime factors of 93203206.
2, 107, 435529
List the prime factors of 840557806.
2, 11, 1429, 26737
List the prime factors of 155132284.
2, 38783071
What are the prime factors of 7270314?
2, 3, 1211719
What are the prime factors of 1402570954?
2, 701285477
What are the prime factors of 86145809?
293, 294013
What are the prime factors of 446311752?
2, 3, 18596323
What are the prime factors of 30214099?
191, 158189
List the prime factors of 4670604.
2, 3, 137, 947
List the prime factors of 55746249.
3, 13, 1097, 1303
List the prime factors of 63117628.
2, 7, 2254201
What are the prime factors of 53514697?
19, 2816563
List the prime factors of 126675452.
2, 31668863
List the prime factors of 924766.
2, 17, 59, 461
What are the prime factors of 51613837?
11, 269, 17443
What are the prime factors of 290960401?
83, 3505547
What are the prime factors of 433761543?
3, 47, 151, 6791
What are the prime factors of 14511252?
2, 3, 7, 23, 29, 37
What are the prime factors of 263437117?
17, 1607, 9643
List the prime factors of 853851231.
3, 17, 5580727
List the prime factors of 396360193.
396360193
List the prime factors of 277709438.
2, 233, 595943
What are the prime factors of 6348708?
2, 3, 176353
What are the prime factors of 4830108608?
2, 13, 5805419
What are the prime factors of 409904736?
2, 3, 4269841
What are the prime factors of 6057194488?
2, 97, 149, 52387
What are the prime factors of 3605399383?
71, 50780273
List the prime factors of 53697394.
2, 31, 866087
What are the prime factors of 7414897139?
13, 89, 492979
List the prime factors of 464673991.
23, 20203217
List the prime factors of 116203892.
2, 7, 592877
What are the prime factors of 1768426469?
83, 21306343
List the prime factors of 3246834659.
2963, 1095793
List the prime factors of 1036723251.
3, 137, 2522441
What are the prime factors of 327927043?
327927043
What are the prime factors of 202812005?
5, 11, 653, 5647
List the prime factors of 63937828.
2, 59, 270923
List the prime factors of 3861943269.
3, 89, 14464207
What are the prime factors of 27604746?
2, 3, 13, 39323
List the prime factors of 852815551.
7, 19, 23, 39827
What are the prime factors of 772476181?
772476181
List the prime factors of 826714291.
13, 63593407
What are the prime factors of 70048069?
7, 13, 61, 12619
List the prime factors of 238955861.
283, 827, 1021
What are the prime factors of 1010354589?
3, 112261621
What are the prime factors of 192310174?
2, 7, 31, 71, 79
List the prime factors of 180139918.
2, 7, 521, 24697
List the prime factors of 1028865444.
2, 3, 85738787
What are the prime factors of 168270917?
653, 257689
What are the prime factors of 192175204?
2, 13, 3695677
What are the prime factors of 677884213?
1601, 423413
What are the prime factors of 33769260?
2, 3, 5, 7, 26801
List the prime factors of 9340130783.
601, 15540983
List the prime factors of 1407976744.
2, 47, 3744619
What are the prime factors of 174359999?
11, 15850909
What are the prime factors of 48367581?
3, 607, 26561
What are the prime factors of 79965170?
2, 5, 41, 67, 71
List the prime factors of 19445295.
3, 5, 911, 1423
What are the prime factors of 54437635?
5, 7, 137, 11353
What are the prime factors of 19478430?
2, 3, 5, 17, 29, 439
List the prime factors of 32065337.
32065337
List the prime factors of 269817009.
3, 7, 11, 1168039
List the prime factors of 5974